ase 11, what is 107a - -5?
1084
In base 13, what is -61 + -5?
-66
In base 11, what is -3 - -385?
382
In base 14, what is -29 - -2?
-27
In base 8, what is 34 + 550?
604
In base 5, what is -40232 + 0?
-40232
In base 14, what is 179c + -4?
1798
In base 7, what is -2423 - -3?
-2420
In base 9, what is 474 - -3?
477
In base 9, what is 20 - 13?
6
In base 3, what is -102101 - 10?
-102111
In base 10, what is 3 - 66?
-63
In base 11, what is 47 + -32?
15
In base 16, what is 4 + -164?
-160
In base 7, what is -2 - 311?
-313
In base 15, what is 245 + b?
251
In base 4, what is -230 + -101?
-331
In base 11, what is 4 + -76?
-72
In base 5, what is -2 + -30210?
-30212
In base 11, what is 3 + 97?
9a
In base 9, what is 72 + 8?
81
In base 15, what is 5d - -70?
cd
In base 12, what is 47 - -3?
4a
In base 10, what is -7 + -418?
-425
In base 13, what is -6 + -62c?
-635
In base 12, what is 46 - 16?
30
In base 14, what is -a1 + 2?
-9d
In base 7, what is 2105 - -24?
2132
In base 8, what is 16 - -37?
55
In base 6, what is 53 - 24?
25
In base 3, what is -121 + 11200?
11002
In base 9, what is -118 + 108?
-10
In base 6, what is -3 - 5?
-12
In base 14, what is -64d + 2?
-64b
In base 12, what is 1 - -39?
3a
In base 9, what is -557 + 44?
-513
In base 11, what is 37a - 5?
375
In base 6, what is -1 - 12031?
-12032
In base 15, what is -4 + 9e?
9a
In base 4, what is 3 - 100201?
-100132
In base 2, what is 10101 + -100111100?
-100100111
In base 15, what is 92 - 5?
8c
In base 15, what is -1a6 + -1?
-1a7
In base 14, what is -62 - 3?
-65
In base 10, what is -4 + -62?
-66
In base 14, what is 1 - -45?
46
In base 16, what is 2 - 1c9?
-1c7
In base 2, what is -10111000001 + 10?
-10110111111
In base 16, what is -1 - -3e?
3d
In base 6, what is 2 + 411?
413
In base 7, what is -15 - 1112?
-1130
In base 10, what is -238 - 1?
-239
In base 5, what is 1043 + 3?
1101
In base 3, what is -22 + -1000110?
-1000202
In base 6, what is -1544 - 2?
-1550
In base 9, what is -2 + 13?
11
In base 3, what is 1121 - 12?
1102
In base 4, what is -1 - -1212?
1211
In base 15, what is 0 - 55?
-55
In base 12, what is 91 - 9?
84
In base 2, what is -11 + -1001001?
-1001100
In base 10, what is -8 - -78?
70
In base 11, what is -295 - -3?
-292
In base 4, what is 12 - 22210?
-22132
In base 7, what is 1414 - -2?
1416
In base 5, what is 4 - 13110?
-13101
In base 16, what is 2 + b9?
bb
In base 16, what is 4f - -b?
5a
In base 14, what is -16 - -5?
-11
In base 4, what is 131 + -1?
130
In base 14, what is -cd + 0?
-cd
In base 10, what is -800 + 3?
-797
In base 9, what is 1063 + 35?
1108
In base 15, what is 7bd - 1?
7bc
In base 3, what is 0 - 11020102?
-11020102
In base 2, what is -1 + -1011011?
-1011100
In base 16, what is 3e + -2b?
13
In base 12, what is 5a0 - -3?
5a3
In base 5, what is 11 + 2232?
2243
In base 12, what is 12 - -1?
13
In base 15, what is -2 + 7e?
7c
In base 13, what is -166 - 12?
-178
In base 15, what is 376 + 14?
38a
In base 8, what is -1532 - 0?
-1532
In base 16, what is 3 + 4a7?
4aa
In base 11, what is 2 - 381?
-37a
In base 7, what is 10 + 35?
45
In base 12, what is 1349 + 4?
1351
In base 6, what is -24402 - 2?
-24404
In base 14, what is -b2 - 11?
-c3
In base 12, what is -7a - -9?
-71
In base 11, what is -81 - 4?
-85
In base 14, what is 170 - -5?
175
In base 8, what is -27 - -1?
-26
In base 12, what is -5 + -1066?
-106b
In base 11, what is 5 + 93?
98
In base 10, what is 181 + -2?
179
In base 16, what is -79 + e?
-6b
In base 8, what is 53 + 1?
54
In base 7, what is -1 - -6?
5
In base 6, what is -132 - 205?
-341
In base 14, what is -3 + -54?
-57
In base 6, what is 122444 - 3?
122441
In base 8, what is -57 + -35?
-114
In base 16, what is -25 - 1?
-26
In base 12, what is -2 - -6?
4
In base 5, what is -124 + -1000?
-1124
In base 12, what is 7b - -1a?
99
In base 16, what is -5 + 17c?
177
In base 16, what is -4 + 17?
13
In base 7, what is 2 + -10?
-5
In base 3, what is 1 + 2221?
2222
In base 2, what is -11 - 1001101?
-1010000
In base 10, what is -16 - -75?
59
In base 7, what is -4 + 346?
342
In base 12, what is 4 + 572?
576
In base 13, what is 1 - 4a?
-49
In base 5, what is 210 + 30?
240
In base 7, what is 321 + -5?
313
In base 14, what is -4094 - -4?
-4090
In base 2, what is -1001011010 + 1?
-1001011001
In base 13, what is 12 - -184?
196
In base 11, what is -5 + -1a39?
-1a43
In base 11, what is -1169 + -5?
-1173
In base 3, what is 12 - 21?
-2
In base 15, what is -c47 - 3?
-c4a
In base 2, what is -10 + 111010?
111000
In base 9, what is 1 + -51?
-50
In base 7, what is -115 - 5?
-123
In base 12, what is 5 - -4b2?
4b7
In base 5, what is 21 - 1011?
-440
In base 10, what is 4 + -719?
-715
In base 7, what is 44256 + 3?
44262
In base 7, what is -3 + -143?
-146
In base 16, what is -4 - 2a?
-2e
In base 12, what is 0 - 451?
-451
In base 10, what is 30 + 2?
32
In base 15, what is -3a - d?
-48
In base 13, what is -1 - 5c?
-60
In base 15, what is 2dd - 20?
2bd
In base 2, what is 10001 - -100?
10101
In base 11, what is -166 + 3?
-163
In base 9, what is -7 + 1513?
1505
In base 13, what is -16 - 5?
-1b
In base 7, what is -363 + 5?
-355
In base 2, what is 11001001 + 100?
11001101
In base 16, what is e8 + 4?
ec
In base 10, what is 5 - 205?
-200
In base 5, what is -1 + -101?
-102
In base 10, what is 2650 + -14?
2636
In base 3, what is 1 + -2100?
-2022
In base 13, what is 17c + 3?
182
In base 13, what is 4 - -49?
50
In base 9, what is 11577 - -5?
11583
In base 15, what is 1 + ae5?
ae6
In base 4, what is 2 - -13013?
13021
In base 3, what is 11 - -122000?
122011
In base 6, what is 401 + -45?
312
In base 15, what is -4 - 2c0?
-2c4
In base 16, what is 8 + d?
15
In base 14, what is -1183 + 5?
-117c
In base 8, what is -11655 - -3?
-11652
In base 13, what is -74b - -2?
-749
In base 4, what is 13 - -321310?
321323
In base 13, what is -3 + 1084?
1081
In base 16, what is -38 + -c?
-44
In base 12, what is 6a - -2?
70
In base 10, what is 240 + -4?
236
In base 8, what is 372 - -5?
377
In base 4, what is 3133 + -333?
2200
In base 8, what is 1 + 204?
205
In base 5, what is -2204 - 304?
-3013
In base 14, what is -7 - -23b?
234
In base 8, what is -102 - -5?
-75
In base 2, what is 11 - 11001?
-10110
In base 3, what is 0 + 21021?
21021
In base 7, what is 1134 - -3?
1140
In base 15, what is 1 - -86?
87
In base 3, what is 12001 + 20101?
102102
In base 8, what is 17 - 260?
-241
In base 3, what is 21 + 2122?
2220
In base 11, what is 5876 - 2?
5874
In base 4, what is -101 - -2023?
1322
In base 11, what is 5 + 20?
25
In base 3, what is -2 - 12101?
-12110
In base 15, what is -2 + 4?
2
In base 2, what is -11011110110110 + -10?
-11011110111000
In base 9, what is 2257 - 2?
2255
In base 13, what is -b9 - -28?
-91
In base 4, what is 103210 - 0?
103210
In base 6, what is 15240 - 4?
15232
In base 13, what is -7b + 5?
-76
In base 7, what is 5 - -241?
246
In base 5, what is 3 - 133430?
-133422
In base 5, what is 4 - -11440?
11444
In base 6, what is -10 - 212?
-222
In base 2, what is -11 + -10110101?
-10111000
In base 11, what is 4 - -2261?
2265
In base 13, what is -33 + -10?
-43
In base 5, what is -101 - 31?
-132
In base 4, what is -120 + 20100?
13320
In base 7, what is -45 + 24?
-21
In base 10, what is 356 - 4?
352
In base 6, what is 130212 + -4?
130204
In base 11, what is 0 - -905?
905
In base 10, what is -2 + -89?
-91
In base 15, what is -2 - -7?
5
In base 6, what is 1313 - 0?
1313
In base 10, what is -72 + 125?
53
In base 6, what is -5 + -111?
-120
In base 15, what is 3 + -4c?
-49
In base 12, what is -5 + 3a?
35
In base 3, what is 1120 + 1?
1121
In base 16, what is ec9 - 2?
ec7
In base 13, what is a6 - 5?
a1
In base 15, what is -8 + e1d?
e15
In base 9, what is -47 - 5?
-53
In base 3, what is 1 - -21120?
21121
In base 7, what is 5 - 20631?
-20623
In base 12, what is -1 + b70?
b6b
In base 13, what is 162 + -3?
15c
In base 9, what is -22 + 16?
-5
In base 10, what is 250 - -12?
262
In base 4, what is 1 + -213?
-212
In base 13, what is -5 - 691?
-696
In base 10, what is 9 + 273?
282
In base 4, what is 2 - 203331?
-203323
In base 5, what is -14 + -1004?
-1023
In base 14, what is b - -14?
21
In base 9, what is -18 + -26?
-45
In base 11, what is -533 - 1?
-534
In base 6, what is 31041 + 5?
31050
In base 10, what is 465 - 2?
463
In base 11, what is 39 - -2?
40
In base 11, w